{"id":90,"date":"2020-09-26T13:47:16","date_gmt":"2020-09-26T11:47:16","guid":{"rendered":"https:\/\/lepszytata.ojcowskastronamocy.pl\/?page_id=90"},"modified":"2020-10-09T18:11:22","modified_gmt":"2020-10-09T16:11:22","slug":"regulamin","status":"publish","type":"page","link":"https:\/\/lepszytata.ojcowskastronamocy.pl\/?page_id=90","title":{"rendered":"Regulamin"},"content":{"rendered":"\n<h1 class=\"has-text-align-center\"><strong>Regulamin Sklepu Internetowego Lepszy Tata<\/strong><\/h1>\n\n\n\n<h2 class=\"has-text-align-center\"><strong>\u00a7 1 Przedmiot regulacji oraz zasady sprzeda\u017cy<\/strong><\/h2>\n\n\n\n<ol><li>Niniejszy regulamin okre\u015bla zasady korzystania ze Sklepu internetowego Lepszy Tata, dzia\u0142aj\u0105cego pod adresem www.lepszytata.ojcowskastronamocy.pl, sk\u0142adania zam\u00f3wie\u0144 Towar\u00f3w dost\u0119pnych w tym sklepie, dostarczania zam\u00f3wionych Towar\u00f3w Kupuj\u0105cemu, uiszczania przez Kupuj\u0105cego ceny za nabywane Towary oraz uprawnienia Kupuj\u0105cego zwi\u0105zanych z umow\u0105 sprzeda\u017cy, w tym sprzeda\u017cy na odleg\u0142o\u015b\u0107.<\/li><li>Sklep internetowy Lepszy Tata prowadzi sprzeda\u017c za po\u015brednictwem sieci Internet (umowa zawierana na odleg\u0142o\u015b\u0107).<\/li><li>Do z\u0142o\u017cenia zam\u00f3wienia niezb\u0119dne jest zapoznanie si\u0119 przez Kupuj\u0105cego z niniejszym regulaminem i potwierdzenie tego faktu. Poprzez z\u0142o\u017cenie Zam\u00f3wienia Kupuj\u0105cy potwierdza akceptacj\u0119 niniejszego Regulaminu.<\/li><\/ol>\n\n\n\n<h2 class=\"has-text-align-center\"><strong>\u00a7 2 Definicje<\/strong><\/h2>\n\n\n\n<p>Wszystkie terminy pisane du\u017c\u0105 liter\u0105 maj\u0105 znaczenie nadane poni\u017cej:<\/p>\n\n\n\n<p><strong>Czas realizacji Zam\u00f3wienia<\/strong> &#8211;&nbsp;czas, w jakim Sklep skompletuje zam\u00f3wienie i&nbsp;przeka\u017ce je przewo\u017anikowi realizuj\u0105cemu wybran\u0105 przez Kupuj\u0105cego form\u0119 dostawy<\/p>\n\n\n\n<p><strong>Dni robocze<\/strong>&nbsp;\u2013 dni tygodnia od poniedzia\u0142ku do pi\u0105tku, z wy\u0142\u0105czeniem dni ustawowo wolnych od pracy<\/p>\n\n\n\n<p><strong>Dokument sprzeda\u017cy<\/strong> \u2013 dokument potwierdzaj\u0105cy sprzeda\u017c w formie faktury VAT i dostarczany Kupuj\u0105cemu w formie elektronicznej, na adres e-mail podany przez Kupuj\u0105cego<\/p>\n\n\n\n<p><strong>Forma dostawy<\/strong>&nbsp;\u2013 spos\u00f3b dostarczenia zam\u00f3wionego Towaru, wybrany przez Kupuj\u0105cego podczas sk\u0142adanego Zam\u00f3wienia<\/p>\n\n\n\n<p><strong>Forma p\u0142atno\u015bci<\/strong> \u2013&nbsp;spos\u00f3b uiszczenia ceny za zam\u00f3wiony Towar, wybrany przez Kupuj\u0105cego podczas sk\u0142adania Zam\u00f3wienia<\/p>\n\n\n\n<p><strong>Formularz zam\u00f3wienia<\/strong>&nbsp;&#8211; dost\u0119pny na stronie internetowej Sprzedawcy kwestionariusz, za pomoc\u0105 kt\u00f3rego Kupuj\u0105cy dokonuje zam\u00f3wienia Towaru<\/p>\n\n\n\n<p><strong>Konsument <\/strong>&#8211; Kupuj\u0105cy b\u0119d\u0105cy osob\u0105 fizyczn\u0105, dokonuj\u0105cy zam\u00f3wienia, zakup\u00f3w lub w inny spos\u00f3b korzystaj\u0105cy ze Sklepu, w celu niezwi\u0105zanym bezpo\u015brednio z jego dzia\u0142alno\u015bci\u0105 gospodarcz\u0105 lub zawodow\u0105<\/p>\n\n\n\n<p><strong>Kupuj\u0105cy&nbsp;<\/strong>\u2013 osoba fizyczna posiadaj\u0105ca pe\u0142n\u0105 lub ograniczon\u0105 zdolno\u015b\u0107 do czynno\u015bci prawnych, osoba prawna lub jednostka organizacyjna nieposiadaj\u0105ca osobowo\u015bci prawnej, kt\u00f3ra na zasadach okre\u015blonych w niniejszym Regulaminie korzysta ze Sklepu<\/p>\n\n\n\n<p><strong>Sklep<\/strong> \u2013 serwis internetowy dost\u0119pny pod adresem www.lepszytata.ojcowskastronamocy.pl prowadzony przez Sprzedawc\u0119, za kt\u00f3rego po\u015brednictwem Kupuj\u0105cy mo\u017ce zamawia\u0107 oraz nabywa\u0107 Towar<\/p>\n\n\n\n<p><strong>Sprzedawca<\/strong> &#8211; Jaros\u0142aw Kania, prowadz\u0105cy dzia\u0142alno\u015b\u0107 gospodarcz\u0105 pod firm\u0105 Erbe Jaros\u0142aw Kania, siedzib\u0105 w Gdyni, adres: 81-404 Gdynia, ul. \u015awi\u0119toja\u0144ska 139A\/21, NIP: 9491988390, REGON: 222058849<\/p>\n\n\n\n<p><strong>Towar<\/strong> \u2013&nbsp;rzeczy ruchome, prezentowane w Sklepie, mog\u0105ce by\u0107 przedmiotem umowy sprzeda\u017cy<\/p>\n\n\n\n<p><strong>Umowa sprzeda\u017cy<\/strong>&nbsp;\u2013 umowa sprzeda\u017cy Towaru, zawarta pomi\u0119dzy Sprzedawc\u0105 a&nbsp;Kupuj\u0105cym za po\u015brednictwem Sklepu a udokumentowana za pomoc\u0105 Dokumentu Sprzeda\u017cy<\/p>\n\n\n\n<p><strong>Zam\u00f3wienie<\/strong>&nbsp;\u2013 z\u0142o\u017cona przez Kupuj\u0105cego za po\u015brednictwem Sklepu oferta zawarcia umowy sprzeda\u017cy ze Sprzedawc\u0105<\/p>\n\n\n\n<h2 class=\"has-text-align-center\"><strong>\u00a7 3.<\/strong> <strong>Sk\u0142adanie zam\u00f3wie\u0144<\/strong><\/h2>\n\n\n\n<ol><li>Do z\u0142o\u017cenia Zam\u00f3wienia i zawarcia umowy, niezb\u0119dne jest posiadanie przez Kupuj\u0105cego skrzynki poczty elektronicznej (e-mail) oraz przegl\u0105darki internetowej.<\/li><li>Zam\u00f3wienie Towaru nast\u0119puje poprzez wyb\u00f3r Towaru w Sklepie, podejmuj\u0105c kolejne czynno\u015bci techniczne na postawie wy\u015bwietlanych komunikat\u00f3w, w tym poprzez dodawanie Towar\u00f3w do koszyka. Kupuj\u0105cy mo\u017ce w ka\u017cdej chwili obejrze\u0107 zawarto\u015b\u0107 koszyka, doda\u0107 b\u0105d\u017a usun\u0105\u0107 Towary.<\/li><li>W trakcie realizowania procesu sk\u0142adania zam\u00f3wienia Kupuj\u0105cy zobowi\u0105zany jest do podania adresu wysy\u0142ki Towaru, adresu e-mail, wyboru sposobu p\u0142atno\u015bci oraz danych niezb\u0119dnych do wystawienia Dokumentu sprzeda\u017cy<\/li><li>Kupuj\u0105cy mo\u017ce dokona\u0107 rejestracji w Sklepie. Rejestracja umo\u017cliwia zapami\u0119tanie w bazie danych Sklepu danych osobowych Klienta oraz historii jego Zam\u00f3wie\u0144, a tak\u017ce umo\u017cliwia dost\u0119p do Zam\u00f3wie\u0144.<\/li><li>Podczas rejestracji Kupuj\u0105cy zobowi\u0105zany jest poda\u0107 unikalne i znane tylko sobie has\u0142o. Proces rejestracji oraz sk\u0142adania Zam\u00f3wie\u0144 jest szyfrowany odpowiednim protoko\u0142em.<\/li><li>Kupuj\u0105cy jest odpowiedzialny za nieudost\u0119pnianie swojego has\u0142a osobom trzecim oraz ponosi odpowiedzialno\u015b\u0107 za jego udost\u0119pnienie.<\/li><li>Po z\u0142o\u017ceniu zam\u00f3wienia Sprzedawca przesy\u0142a, na podany przez Kupuj\u0105cego (w formularzu zam\u00f3wienia) adres poczty elektronicznej, potwierdzenie przyj\u0119cia zam\u00f3wienia, obejmuj\u0105ce wszystkie istotne elementy zam\u00f3wienia, takie jak numer zam\u00f3wienia, \u0142\u0105czna cena zam\u00f3wienia (z wyszczeg\u00f3lnieniem cen poszczeg\u00f3lnych artyku\u0142\u00f3w i ceny dostawy), czas realizacji zam\u00f3wienia, forma i przybli\u017cony termin dostawy.<\/li><li>Do zawarcia przez strony umowy, dochodzi w chwili otrzymania przez Kupuj\u0105cego potwierdzenia przyj\u0119cia zam\u00f3wienia przez Sprzedawc\u0119. Warunkiem przyj\u0119cia i realizacji przez Sprzedawc\u0119 zam\u00f3wienia, jest prawid\u0142owe i kompletne (w niezb\u0119dnym zakresie) wype\u0142nienie przez Kupuj\u0105cego formularza zam\u00f3wienia.<\/li><li>Zam\u00f3wienie nie zostanie przez Sprzedawc\u0119 przyj\u0119te, je\u017celi w formularzu zam\u00f3wienia Kupuj\u0105cy zamie\u015bci niekompletne dane, uniemo\u017cliwiaj\u0105ce weryfikacj\u0119 Kupuj\u0105cego i nale\u017cyte dostarczenie Towaru. W przypadku braku mo\u017cliwo\u015bci kontaktu z Kupuj\u0105cym z uwagi na podanie b\u0142\u0119dnego adresu lub numer telefonu, zam\u00f3wienie b\u0119dzie anulowane.<\/li><\/ol>\n\n\n\n<h2 class=\"has-text-align-center\"><strong>\u00a74. Ceny i<\/strong><strong> p\u0142atno\u015b\u0107<\/strong><\/h2>\n\n\n\n<ol><li>Ceny wszystkich towar\u00f3w prezentowanych w Sklepie s\u0105 cenami brutto (uwzgl\u0119dniaj\u0105 podatek od towar\u00f3w i us\u0142ug VAT), wyra\u017conymi w z\u0142otych polskich (PLN). Wi\u0105\u017c\u0105ca dla stron transakcji jest cena poszczeg\u00f3lnego artyku\u0142u uwidoczniona na stronie internetowej Sprzedawcy<br>w momencie sk\u0142adania zam\u00f3wienia przez Kupuj\u0105cego. Cena towaru nie obejmuje koszt\u00f3w jego dostawy, przy czym informacja o koszcie dostawy towaru podawana jest przy sk\u0142adaniu zam\u00f3wienia.<\/li><li>Koszt wysy\u0142ki Towaru pokrywa Kupuj\u0105cy.<\/li><li>Kupuj\u0105cemu s\u0142u\u017cy prawo wyboru sposobu dostawy i formy p\u0142atno\u015bci. Wyboru formy p\u0142atno\u015bci, Kupuj\u0105cy dokonuje w formularzu zam\u00f3wienia.<\/li><li>Sprzedawca oferuje nast\u0119puj\u0105ce formy p\u0142atno\u015bci:<br>P\u0142atno\u015b\u0107 przez Internet w systemie DotPay w trakcie sk\u0142adania zam\u00f3wienia, tj. podczas procesu zamawiania Towaru Kupuj\u0105cy dokonuje zap\u0142aty za ten Towar, a zam\u00f3wienie jest realizowane pod warunkiem uzyskania przez Sprzedawc\u0119 pozytywnej autoryzacji od operatora p\u0142atno\u015bci elektronicznych oraz banku Kupuj\u0105cego.<\/li><li>Koszt, termin oraz spos\u00f3b dostawy Towaru wynikaj\u0105 z wybranej przez Kupuj\u0105cego w&nbsp;zam\u00f3wieniu formy dostawy.<\/li><\/ol>\n\n\n\n<h2 class=\"has-text-align-center\"><strong>\u00a7 5.<\/strong><strong>Dostawa towaru<\/strong><\/h2>\n\n\n\n<ol><li>Dostawy towar\u00f3w zamawianych w Sklepie realizowane s\u0105 na terytorium Rzeczypospolitej Polskiej.<\/li><li>Sprzedawca w terminie 10 dni (liczonych wy\u0142\u0105cznie w Dni robocze) od dnia uzyskania pozytywnej autoryzacji od operatora p\u0142atno\u015bci elektronicznych oraz banku Kupuj\u0105cego, b\u0105d\u017a od dnia wp\u0142yni\u0119cia nale\u017cno\u015bci w pe\u0142nej wysoko\u015bci na rachunek bankowy Sprzedawcy, wysy\u0142a na wskazany przez Kupuj\u0105cego adres zam\u00f3wiony Towar wraz z Dokumentem Sprzeda\u017cy.<\/li><li>Termin wysy\u0142ki Towaru mo\u017ce ulec wyd\u0142u\u017ceniu, je\u017celi Sprzedawca ustali\u0142 urlop obejmuj\u0105cy ten czas lub je\u017celi w opisie Towaru Sprzedawca zaznaczy\u0142, \u017ce termin wysy\u0142ki b\u0119dzie d\u0142u\u017cszy.<\/li><li>Zam\u00f3wione Towary s\u0105 dostarczane na adres wskazany w formularzu zam\u00f3wienia.<\/li><li>O statusie zam\u00f3wienia Kupuj\u0105cy informowany jest za po\u015brednictwem poczty elektronicznej.<\/li><li>Odbi\u00f3r Towaru musi by\u0107 potwierdzony pisemnym pokwitowaniem. Z chwil\u0105 odbioru Towaru, na Kupuj\u0105cego przechodzi prawo w\u0142asno\u015bci Towaru i wszelkie ryzyka zwi\u0105zane z\u00a0posiadaniem i korzystaniem z Towaru, w szczeg\u00f3lno\u015bci ryzyko utraty, zniszczenia lub uszkodzenia Towaru.<\/li><li>Odbieraj\u0105c towar Kupuj\u0105cy jest zobowi\u0105zany do sprawdzenia, czy przesy\u0142ka nie posiada uszkodze\u0144 powsta\u0142ych podczas transportu i czy jest zgodna z Zam\u00f3wieniem.<\/li><\/ol>\n\n\n\n<h2 class=\"has-text-align-center\"><strong>\u00a7 6.<\/strong><strong>Reklamacje<\/strong><\/h2>\n\n\n\n<ol><li>Wszystkie Towary znajduj\u0105ce si\u0119 w Sklepie s\u0105 nowe, chyba \u017ce Sprzedawca zaznaczy\u0142 inaczej w opisie Towaru.<\/li><li>Za wady fizyczne lub prawne rzeczy, Sprzedawca ponosi odpowiedzialno\u015b\u0107 wzgl\u0119dem Kupuj\u0105cego b\u0119d\u0105cego Konsumentem &#8211; na zasadach okre\u015blonych w art. 556 i nast\u0119pnych Kodeksu cywilnego (r\u0119kojmia).<\/li><li>Je\u017celi rzecz sprzedana ma wad\u0119, kupuj\u0105cy mo\u017ce z\u0142o\u017cy\u0107 o\u015bwiadczenie o obni\u017ceniu ceny albo odst\u0105pieniu od umowy, chyba \u017ce sprzedawca niezw\u0142ocznie i bez nadmiernych niedogodno\u015bci dla kupuj\u0105cego wymieni rzecz wadliw\u0105 na woln\u0105 od wad albo wad\u0119 usunie. Ograniczenie to nie ma zastosowania, je\u017celi rzecz by\u0142a ju\u017c wymieniona lub naprawiana przez sprzedawc\u0119 albo sprzedawca nie uczyni\u0142 zado\u015b\u0107 obowi\u0105zkowi wymiany rzeczy na woln\u0105 od wad lub usuni\u0119cia wady. Kupuj\u0105cy nie mo\u017ce odst\u0105pi\u0107 od Umowy, je\u017celi wada jest nieistotna.<\/li><li>Je\u017celi kupuj\u0105cym jest Konsument, mo\u017ce zamiast zaproponowanego przez sprzedawc\u0119 usuni\u0119cia wady \u017c\u0105da\u0107 wymiany rzeczy na woln\u0105 od wad albo zamiast wymiany rzeczy \u017c\u0105da\u0107 usuni\u0119cia wady, chyba \u017ce doprowadzenie rzeczy do zgodno\u015bci z umow\u0105 w spos\u00f3b wybrany przez kupuj\u0105cego jest niemo\u017cliwe albo wymaga\u0142oby nadmiernych koszt\u00f3w w por\u00f3wnaniu ze sposobem proponowanym przez sprzedawc\u0119. Przy ocenie nadmierno\u015bci koszt\u00f3w uwzgl\u0119dnia si\u0119 warto\u015b\u0107 rzeczy wolnej od wad, rodzaj i znaczenie stwierdzonej wady, a tak\u017ce bierze si\u0119 pod uwag\u0119 niedogodno\u015bci, na jakie nara\u017ca\u0142by kupuj\u0105cego inny spos\u00f3b zaspokojenia.<\/li><li>Roszczenie Kupuj\u0105cego b\u0119d\u0105cego konsumentem o usuni\u0119cie wady lub wymian\u0119 rzeczy sprzedanej na woln\u0105 od wad przedawnia si\u0119 z up\u0142ywem roku, licz\u0105c od dnia stwierdzenia wady. Bieg terminu przedawnienia nie mo\u017ce zako\u0144czy\u0107 si\u0119 jednak przed up\u0142ywem&nbsp;dw\u00f3ch lat, od dnia dostarczenia rzeczy Kupuj\u0105cemu.<\/li><li>Kupuj\u0105cy b\u0119d\u0105cy Konsumentem, kt\u00f3ry wykonuje uprawnienia z tytu\u0142u r\u0119kojmi, jest obowi\u0105zany na koszt Sprzedawcy dostarczy\u0107 rzecz wadliw\u0105 na adres:<br>Tomasz Smaczny Spos\u00f3b Na \u017bycie<br>ul. Emaus 37\/4<br>30-213 Krak\u00f3w<\/li><li>Do odsy\u0142anego Towaru nale\u017cy do\u0142\u0105czy\u0107 Dokument Sprzeda\u017cy oraz uzupe\u0142niony formularz reklamacji, kt\u00f3ry jest dost\u0119pny do pobrania w stopce na stronie Sklepu. W formularzu nale\u017cy okre\u015bli\u0107, kt\u00f3r\u0105 opcj\u0105 Klient jest zainteresowany: naprawa Towaru, wymiana Towaru, zwrot pieni\u0119dzy czy obni\u017cenie ceny.<\/li><\/ol>\n\n\n\n<h2 class=\"has-text-align-center\"><strong>\u00a7 7.<\/strong><strong>Odst\u0105pienie od umowy<\/strong><\/h2>\n\n\n\n<ol type=\"a\"><li>Na podstawie art. 27 ustawy z dnia 30.05.2014 r. o prawach konsumenta (Dz.U. 2020.287 t.j.), Kupuj\u0105cy b\u0119d\u0105cy konsumentem, kt\u00f3ry zawar\u0142 umow\u0119 na odleg\u0142o\u015b\u0107, mo\u017ce od niej odst\u0105pi\u0107 bez podania przyczyny i bez ponoszenia koszt\u00f3w (z zastrze\u017ceniem ust. 2), sk\u0142adaj\u0105c Sprzedawcy stosowne o\u015bwiadczenie w terminie 14 (czternastu) dni od dnia dor\u0119czenia mu Towaru. Do zachowania tego terminu wystarczy wys\u0142anie Towaru i o\u015bwiadczenia wraz z Dokumentem sprzeda\u017cy przed jego up\u0142ywem na adres:<br>Tomasz Smaczny Spos\u00f3b Na \u017bycie,<br>ul. Emaus 37\/4,<br>30-213 Krak\u00f3w.<\/li><li>Przesy\u0142ki za pobraniem nie b\u0119d\u0105 przyjmowane.<\/li><li>O\u015bwiadczenie o odst\u0105pieniu od umowy mo\u017ce zosta\u0107 z\u0142o\u017cone na formularzu, kt\u00f3ry jest dost\u0119pny do pobrania w stopce na stronie Sklepu. O\u015bwiadczenie o odst\u0105pieniu od umowy mo\u017ce by\u0107 z\u0142o\u017cone r\u00f3wnie\u017c w innej formie \u2013 stosownie do przepis\u00f3w ustawy o prawach konsumenta.<\/li><li>W razie odst\u0105pienia od umowy, umowa jest uwa\u017cana za niezawart\u0105 a Sprzedawca zwr\u00f3ci Kupuj\u0105cemu, najp\u00f3\u017aniej w terminie 14 dni od dnia otrzymania o\u015bwiadczenia, dokonane przez niego p\u0142atno\u015bci.<\/li><li>Kupuj\u0105cy ma obowi\u0105zek zwr\u00f3ci\u0107 Towar Sprzedawcy lub przekaza\u0107 j\u0105 osobie upowa\u017cnionej przez Sprzedawc\u0119 do odbioru niezw\u0142ocznie, jednak nie p\u00f3\u017aniej ni\u017c 14 dni od dnia, w kt\u00f3rym odst\u0105pi\u0142 od umowy, chyba \u017ce przedsi\u0119biorca zaproponowa\u0142, \u017ce sam odbierze rzecz. Do zachowania terminu wystarczy odes\u0142anie rzeczy przed jego up\u0142ywem. Kupuj\u0105cy b\u0119d\u0105cy konsumentem ponosi tylko bezpo\u015brednie koszty zwrotu rzeczy.<\/li><li>Sprzedawca dokonuje zwrotu p\u0142atno\u015bci przy u\u017cyciu takiego samego sposobu zap\u0142aty, jakiego u\u017cy\u0142 Kupuj\u0105cy, chyba \u017ce Kupuj\u0105cy b\u0119d\u0105cy Konsumentem wyra\u017anie zgodzi\u0142 si\u0119 na inny spos\u00f3b zwrotu, kt\u00f3ry nie wi\u0105\u017ce si\u0119 dla niego z \u017cadnymi kosztami.<\/li><li>Zwracany Towar powinien zosta\u0107 odes\u0142any w stanie niezmienionym, nie nosz\u0105cym \u015blad\u00f3w korzystania w zakresie wykraczaj\u0105cym poza spos\u00f3b konieczny do stwierdzenia jego charakteru, cech i funkcjonowania (przymierzenia).<\/li><\/ol>\n\n\n\n<h2 class=\"has-text-align-center\"><strong>\u00a7 8.<\/strong><strong>Ochrona danych osobowych<\/strong><\/h2>\n\n\n\n<ol><li>Administratorem danych osobowych jest Sprzedawca.<\/li><li>Sk\u0142adaj\u0105c zam\u00f3wienie w Sklepie, Kupuj\u0105cy wyra\u017ca zgod\u0119 na przetwarzanie swoich danych osobowych dla cel\u00f3w realizacji umowy sprzeda\u017cy. Podanie przez Kupuj\u0105cego danych osobowych, w zakresie niezb\u0119dnym do wykonania umowy sprzeda\u017cy i w\u0142a\u015bciwego jej udokumentowania jest obowi\u0105zkowe.<\/li><li>Szczeg\u00f3\u0142owe informacje dotycz\u0105ce przetwarzanie danych osobowych oraz wykorzystywania plik\u00f3w cookies zawiera <a href=\"https:\/\/lepszytata.ojcowskastronamocy.pl\/?page_id=3\" data-type=\"page\" data-id=\"3\">Polityka Prywatno\u015bci<\/a> zamieszczona w Sklepie.<\/li><\/ol>\n\n\n\n<h2 class=\"has-text-align-center\"><strong>\u00a7 9.<\/strong><strong>Postanowienia ko\u0144cowe<\/strong><\/h2>\n\n\n\n<ol type=\"a\"><li>Zdj\u0119cia i opisy u\u017cyte do prezentacji Towar\u00f3w oraz nazwa, domena internetowa, logotypy i inne prawa w\u0142asno\u015bci intelektualnej nale\u017c\u0105 do Sprzedawcy, a korzystanie z nich mo\u017ce nast\u0119powa\u0107 wy\u0142\u0105cznie w spos\u00f3b okre\u015blony i zgodny z Regulaminem b\u0105d\u017a za zgod\u0105 Sprzedawcy.<\/li><li>W sprawach nieuregulowanych niniejszym Regulaminem maj\u0105 zastosowanie powszechnie obowi\u0105zuj\u0105ce przepisy prawa polskiego.<\/li><li>Regulamin nie wy\u0142\u0105cza oraz nie ogranicza \u017cadnych uprawnie\u0144 Kupuj\u0105cego b\u0119d\u0105cego Konsumentem, kt\u00f3re przys\u0142uguj\u0105 mu na mocy bezwzgl\u0119dnie obowi\u0105zuj\u0105cych przepis\u00f3w prawa. W przypadku sprzeczno\u015bci pomi\u0119dzy postanowieniami Regulaminu, a bezwzgl\u0119dnie obowi\u0105zuj\u0105cymi przepisami prawa, przyznaj\u0105cymi konsumentom uprawnienia, pierwsze\u0144stwo maj\u0105 te przepisy.<\/li><li>Rozstrzygni\u0119cie ewentualnych spor\u00f3w powsta\u0142ych mi\u0119dzy Sprzedawc\u0105 a Kupuj\u0105cym, kt\u00f3ry jest konsumentem, zostaje poddane s\u0105dom w\u0142a\u015bciwym zgodnie z postanowieniami w\u0142a\u015bciwych przepis\u00f3w Kodeksu post\u0119powania cywilnego. Konsument mo\u017ce r\u00f3wnie\u017c skorzysta\u0107 z platformy ODR, kt\u00f3ra dost\u0119pna jest pod adresem <a href=\"https:\/\/ec.europa.eu\/consumers\/odr\">https:\/\/ec.europa.eu\/consumers\/odr<\/a>. Platforma s\u0142u\u017cy rozstrzyganiu spor\u00f3w pomi\u0119dzy konsumentami i przedsi\u0119biorcami d\u0105\u017c\u0105cymi do pozas\u0105dowego rozstrzygni\u0119cia sporu dotycz\u0105cego zobowi\u0105za\u0144 umownych wynikaj\u0105cych z internetowej umowy sprzeda\u017cy lub umowy o \u015bwiadczenie us\u0142ug.<\/li><li>Regulamin mo\u017ce zosta\u0107 utrwalony, pozyskany i odtworzony poprzez jego wydrukowanie lub zapisanie go na odpowiednim no\u015bniku danych.<\/li><li>Regulamin wchodzi w \u017cycie z dniem 01.10.2020 r.<\/li><\/ol>\n","protected":false},"excerpt":{"rendered":"<p>Regulamin Sklepu Internetowego Lepszy Tata \u00a7 1 Przedmiot regulacji oraz zasady sprzeda\u017cy Niniejszy regulamin okre\u015bla zasady korzystania ze Sklepu internetowego Lepszy Tata, dzia\u0142aj\u0105cego pod adresem www.lepszytata.ojcowskastronamocy.pl, sk\u0142adania zam\u00f3wie\u0144 Towar\u00f3w dost\u0119pnych w tym sklepie, dostarczania zam\u00f3wionych Towar\u00f3w Kupuj\u0105cemu, uiszczania przez Kupuj\u0105cego ceny za nabywane Towary oraz uprawnienia Kupuj\u0105cego zwi\u0105zanych z umow\u0105 sprzeda\u017cy, w tym sprzeda\u017cy na [&hellip;]<\/p>\n","protected":false},"author":1,"featured_media":0,"parent":0,"menu_order":0,"comment_status":"closed","ping_status":"closed","template":"","meta":[],"_links":{"self":[{"href":"https:\/\/lepszytata.ojcowskastronamocy.pl\/index.php?rest_route=\/wp\/v2\/pages\/90"}],"collection":[{"href":"https:\/\/lepszytata.ojcowskastronamocy.pl\/index.php?rest_route=\/wp\/v2\/pages"}],"about":[{"href":"https:\/\/lepszytata.ojcowskastronamocy.pl\/index.php?rest_route=\/wp\/v2\/types\/page"}],"author":[{"embeddable":true,"href":"https:\/\/lepszytata.ojcowskastronamocy.pl\/index.php?rest_route=\/wp\/v2\/users\/1"}],"replies":[{"embeddable":true,"href":"https:\/\/lepszytata.ojcowskastronamocy.pl\/index.php?rest_route=%2Fwp%2Fv2%2Fcomments&post=90"}],"version-history":[{"count":9,"href":"https:\/\/lepszytata.ojcowskastronamocy.pl\/index.php?rest_route=\/wp\/v2\/pages\/90\/revisions"}],"predecessor-version":[{"id":191,"href":"https:\/\/lepszytata.ojcowskastronamocy.pl\/index.php?rest_route=\/wp\/v2\/pages\/90\/revisions\/191"}],"wp:attachment":[{"href":"https:\/\/lepszytata.ojcowskastronamocy.pl\/index.php?rest_route=%2Fwp%2Fv2%2Fmedia&parent=90"}],"curies":[{"name":"wp","href":"https:\/\/api.w.org\/{rel}","templated":true}]}}