{"id":3,"date":"2020-09-16T22:55:12","date_gmt":"2020-09-16T22:55:12","guid":{"rendered":"https:\/\/lepszytata.ojcowskastronamocy.pl\/?page_id=3"},"modified":"2020-11-09T14:59:58","modified_gmt":"2020-11-09T12:59:58","slug":"privacy-policy","status":"publish","type":"page","link":"https:\/\/lepszytata.ojcowskastronamocy.pl\/?page_id=3","title":{"rendered":"Polityka prywatno\u015bci"},"content":{"rendered":"\n<h2 class=\"has-text-align-center\"><strong>Polityka Prywatno\u015bci plik\u00f3w cookies<\/strong><\/h2>\n\n\n\n<ol><li>Niniejsza Polityka Prywatno\u015bci okre\u015bla zasady przetwarzania danych osobowych, kt\u00f3re zosta\u0142y pozyskane od klient\u00f3w za po\u015brednictwem strony www.lepszytata.ojcowskastronamocy.pl (\u201e<strong>Sklep<\/strong>\u201d).<\/li><li>Wyra\u017cenie zgody na przetwarzanie danych osobowych jest dobrowolne. Wszelkie podane dane osobowe s\u0105 przetwarzane wy\u0142\u0105cznie w zakresie i w celu, na jaki zosta\u0142a wyra\u017cona zgoda.<\/li><li>W celu cofni\u0119cia zgody na przetwarzanie danych osobowych nale\u017cy wys\u0142a\u0107 e-maila na adres lepszytata@ojcowskastronamocy.pl<\/li><li>Strona przetwarza nast\u0119puj\u0105ce dane osobowe:<\/li><\/ol>\n\n\n\n<ul start=\"4\"><li>W przypadku zapisania si\u0119 do newslettera: imi\u0119, e-mail; Podanie danych jest dobrowolne, lecz konieczne, by zapisa\u0107 si\u0119 do newslettera.<\/li><li>W przypadku z\u0142o\u017cenia zam\u00f3wienia: imi\u0119 i nazwisko, adres e-mail, numer telefonu, adres zamieszkania, adres dostawy, je\u017celi jest inny ni\u017c adres zamieszkania oraz ewentualnie dane przedsi\u0119biorcy (firma, adres, numerem NIP). Sk\u0142adaj\u0105c zam\u00f3wienie Kupuj\u0105cy wyra\u017ca zgod\u0119 na przetwarzanie swoich danych osobowych dla cel\u00f3w realizacji procesu sprzeda\u017cy, w tym wysy\u0142ki towaru oraz realizacji uprawnie\u0144 wynikaj\u0105cych z reklamacji oraz w celach ksi\u0119gowych.<\/li><\/ul>\n\n\n\n<ol start=\"5\"><li>Administratorem Danych Osobowych jest Jaros\u0142aw Kania prowadz\u0105cy dzia\u0142alno\u015b\u0107 gospodarcz\u0105 pod firm\u0105 Erbe Jaros\u0142aw Kania z siedzib\u0105 w Gdyni, adres: 81-404 Gdynia, ul. \u015awi\u0119toja\u0144ska 139A\/21 NIP: 9491988390, REGON: 222058849.<\/li><li>Dane osobowe przetwarzane s\u0105 zgodnie z ustaw\u0105 o ochronie danych osobowych, Rozporz\u0105dzeniem Parlamentu Europejskiego i&nbsp;Rady (UE) 2016\/679 z&nbsp;dnia 27 kwietnia 2016 r. w&nbsp;sprawie ochrony os\u00f3b fizycznych w&nbsp;zwi\u0105zku z&nbsp;przetwarzaniem danych osobowych i&nbsp;w sprawie swobodnego przep\u0142ywu takich danych oraz uchylenia dyrektywy 95\/46\/WE (og\u00f3lne rozporz\u0105dzenie o&nbsp;ochronie danych) (RODO) oraz rozporz\u0105dzeniem Ministra Spraw Wewn\u0119trznych i Administracji z dnia 29 kwietnia 2004 r. (Dz. U. Nr 100, poz. 10024) w sprawie dokumentacji przetwarzania danych osobowych oraz warunk\u00f3w technicznych i organizacyjnych, jakim powinny odpowiada\u0107 urz\u0105dzenia i systemy informatyczne, s\u0142u\u017c\u0105ce do przetwarzania danych osobowych.<\/li><li>Dane te mog\u0105 by\u0107 przekazywane podmiotom trzecim w zakresie niezb\u0119dnym do realizacji procesu sprzeda\u017cy, w szczeg\u00f3lno\u015bci wysy\u0142ki towaru, dokonania p\u0142atno\u015bci, realizacji reklamacji oraz zaksi\u0119gowania sprzeda\u017cy.<\/li><li>U\u017cytkownik ma prawo dost\u0119pu do tre\u015bci swoich danych oraz prawo ich sprostowania, usuni\u0119cia, ograniczenia przetwarzania, prawo do przenoszenia danych, prawo wniesienia sprzeciwu, prawo do cofni\u0119cia zgody w dowolnym momencie bez wp\u0142ywu na zgodno\u015b\u0107 z prawem przetwarzania, kt\u00f3rego dokonano na podstawie zgody przed jej cofni\u0119ciem.<\/li><li>U\u017cytkownik ma prawo wniesienia skargi do Prezesa Urz\u0119du Ochrony Danych Osobowych, gdy uzna, \u017ce przetwarzanie danych osobowych narusza przepisy RODO lub ustawy o ochronie danych osobowych.<\/li><li>Dane osobowe przechowywane s\u0105 przez okres:<\/li><\/ol>\n\n\n\n<ul start=\"10\"><li>w zakresie newslettera: przez czas funkcjonowania newslettera, chyba \u017ce z\u0142o\u017cone zostanie o\u015bwiadczenia o rezygnacji z jego otrzymywania, co spowoduje usuni\u0119cie danych z bazy;<\/li><li>w przypadku z\u0142o\u017cenia zam\u00f3wienia: do czasu przedawnienia roszcze\u0144 wynikaj\u0105cych z umowy sprzeda\u017cy, w tym przez okres r\u0119kojmi, a w zakresie danych na fakturach VAT przez okres 5 lat od ko\u0144ca roku podatkowego, w kt\u00f3rym nast\u0105pi\u0142o wystawienie faktury.<\/li><\/ul>\n\n\n\n<ol start=\"11\"><li>Strona nie zbiera w spos\u00f3b automatyczny \u017cadnych informacji, z wyj\u0105tkiem informacji zawartych w plikach cookies (dane komputera). Pliki cookies stanowi\u0105 dane informatyczne, w szczeg\u00f3lno\u015bci pliki tekstowe, kt\u00f3re przechowywane s\u0105 w urz\u0105dzeniu ko\u0144cowym U\u017cytkownika Serwisu (komputer, laptop, tablet, smartfon) i przeznaczone s\u0105 do korzystania ze Strony.<\/li><li>Dane gromadzone przy u\u017cyciu plik\u00f3w cookies (tzw. ciasteczka) s\u0105 zbierane w celu zapewnienia prawid\u0142owego dzia\u0142ania strony, realizacji procesu zam\u00f3wienia (w tym zapami\u0119tywania towar\u00f3w dodanych do koszyka. Dane te s\u0105 zaszyfrowane w spos\u00f3b uniemo\u017cliwiaj\u0105cy dost\u0119p do nich osobom nieuprawnionym) i prawid\u0142owego dzia\u0142ania pop-up\u00f3w i formularzy.<\/li><li>U\u017cytkownik ma mo\u017cliwo\u015b\u0107 ograniczenia lub wy\u0142\u0105czenia dost\u0119pu plik\u00f3w cookies do swojego urz\u0105dzenia. W przypadku skorzystania z tej opcji korzystanie ze Strony b\u0119dzie mo\u017cliwe, poza funkcjami, kt\u00f3re ze swojej natury wymagaj\u0105 plik\u00f3w cookies.<\/li><li>Podaj\u0105c sw\u00f3j adres e-mail, w celu informowania o dost\u0119pno\u015bci sprzeda\u017cy, U\u017cytkownik wyra\u017ca zgod\u0119 na otrzymywanie wiadomo\u015bci elektronicznych w formie newslettera prowadzonego przez blog: Ojcowska Strona Mocy oraz na bezp\u0142atne przekazanie swojego adresu w celu subskrypcji newslettera prowadzonego przez  blog: Tasty Way of Life.<\/li><li>U\u017cytkownik w ka\u017cdej chwili mo\u017ce zrezygnowa\u0107 z otrzymywania newsletter\u00f3w, korzystaj\u0105c z linka w stopce wiadomo\u015bci wysy\u0142anej przez blog Ojcowska Strona Mocy oraz blog Tasty Way of Life.<\/li><li>Wi\u0119cej informacji na temat plik\u00f3w cookies dost\u0119pnych jest pod adresem wszystkoociasteczkach.pl lub w sekcji \u201ePomoc\u201d w menu przegl\u0105darki internetowej.<\/li><\/ol>\n","protected":false},"excerpt":{"rendered":"<p>Polityka Prywatno\u015bci plik\u00f3w cookies Niniejsza Polityka Prywatno\u015bci okre\u015bla zasady przetwarzania danych osobowych, kt\u00f3re zosta\u0142y pozyskane od klient\u00f3w za po\u015brednictwem strony www.lepszytata.ojcowskastronamocy.pl (\u201eSklep\u201d). Wyra\u017cenie zgody na przetwarzanie danych osobowych jest dobrowolne. Wszelkie podane dane osobowe s\u0105 przetwarzane wy\u0142\u0105cznie w zakresie i w celu, na jaki zosta\u0142a wyra\u017cona zgoda. W celu cofni\u0119cia zgody na przetwarzanie danych osobowych [&hellip;]<\/p>\n","protected":false},"author":1,"featured_media":0,"parent":0,"menu_order":0,"comment_status":"closed","ping_status":"open","template":"","meta":[],"_links":{"self":[{"href":"https:\/\/lepszytata.ojcowskastronamocy.pl\/index.php?rest_route=\/wp\/v2\/pages\/3"}],"collection":[{"href":"https:\/\/lepszytata.ojcowskastronamocy.pl\/index.php?rest_route=\/wp\/v2\/pages"}],"about":[{"href":"https:\/\/lepszytata.ojcowskastronamocy.pl\/index.php?rest_route=\/wp\/v2\/types\/page"}],"author":[{"embeddable":true,"href":"https:\/\/lepszytata.ojcowskastronamocy.pl\/index.php?rest_route=\/wp\/v2\/users\/1"}],"replies":[{"embeddable":true,"href":"https:\/\/lepszytata.ojcowskastronamocy.pl\/index.php?rest_route=%2Fwp%2Fv2%2Fcomments&post=3"}],"version-history":[{"count":2,"href":"https:\/\/lepszytata.ojcowskastronamocy.pl\/index.php?rest_route=\/wp\/v2\/pages\/3\/revisions"}],"predecessor-version":[{"id":251,"href":"https:\/\/lepszytata.ojcowskastronamocy.pl\/index.php?rest_route=\/wp\/v2\/pages\/3\/revisions\/251"}],"wp:attachment":[{"href":"https:\/\/lepszytata.ojcowskastronamocy.pl\/index.php?rest_route=%2Fwp%2Fv2%2Fmedia&parent=3"}],"curies":[{"name":"wp","href":"https:\/\/api.w.org\/{rel}","templated":true}]}}