{"id":116,"date":"2020-09-26T19:18:58","date_gmt":"2020-09-26T17:18:58","guid":{"rendered":"https:\/\/lepszytata.ojcowskastronamocy.pl\/?page_id=116"},"modified":"2020-10-09T10:25:23","modified_gmt":"2020-10-09T08:25:23","slug":"o-nas","status":"publish","type":"page","link":"https:\/\/lepszytata.ojcowskastronamocy.pl\/?page_id=116","title":{"rendered":"O nas"},"content":{"rendered":"\n<h2>Cze\u015b\u0107,<\/h2>\n\n\n\n<p>witamy Ci\u0119 serdecznie w sklepie spo\u0142eczno\u015bci <a href=\"https:\/\/www.facebook.com\/groups\/LepszyTata\/\">Lepszy Tata &#8211; Ojcowskie Inspiracje<\/a>, za\u0142o\u017conej w 2019 roku przez Tomasza Smacznego oraz Jarka Kani\u0119.<\/p>\n\n\n\n<p>Poni\u017cej znajdziesz kilka informacji o nas i naszej dzia\u0142alno\u015bci w sieci: <\/p>\n\n\n\n<h2>Tomasz Smaczny<\/h2>\n\n\n\n<p>Wspieram mamy i tat\u00f3w w podejmowaniu najlepszych decyzji dotycz\u0105cych wychowania swoich pociech. \u017beby\u015b jako rodzic mia\u0142 wi\u0119cej frajdy, spokoju, luzu i spe\u0142nienia. Robi\u0119 to w oparciu o <a href=\"https:\/\/tastywayoflife.com\/na-czym-polega-rodzicielska-filozofia-rie-przewodnik-dla-poczatkujacych\/\">podej\u015bcie rodzicielskie RIE<\/a> (czytaj <em>raj<\/em>), kt\u00f3re jako pierwszy konsekwentnie promuj\u0119 publicznie w Polsce na blogu <a href=\"https:\/\/www.tastywayoflife.com\">TastyWayOfLife.com<\/a>, oraz o wieloletni\u0105 praktyk\u0119 coachingow\u0105. Sam jestem tat\u0105 czteroletniej Tosi i doskonale wiem, \u017ce du\u017co \u0142atwiej jest m\u00f3wi\u0107 ni\u017c robi\u0107.<\/p>\n\n\n\n<h2>Jarek Kania<\/h2>\n\n\n\n<p>Prowadz\u0119 <a href=\"https:\/\/www.ojcowskastronamocy.pl\/podcast-osm\/\">podcast dla rodzic\u00f3w<\/a>, w kt\u00f3rym koncentruj\u0119 si\u0119 na wprowadzaniu dzieci w \u015bwiat technologii, tworzeniu domowych zasad ekranowych w domu oraz na budowaniu silnych relacji rodzinnych, kt\u00f3re s\u0105 kluczem do stworzenia szcz\u0119\u015bliwej rodziny. Jestem ojcem trzech c\u00f3rek. <\/p>\n\n\n\n<h3>Mo\u017cesz si\u0119 z nami skontaktowa\u0107 korzystaj\u0105c z poni\u017cszego formularza:<\/h3>\n\n\n<div role=\"form\" class=\"wpcf7\" id=\"wpcf7-f127-o1\" lang=\"pl-PL\" dir=\"ltr\">\n<div class=\"screen-reader-response\"><p role=\"status\" aria-live=\"polite\" aria-atomic=\"true\"><\/p> <ul><\/ul><\/div>\n<form action=\"\/index.php?rest_route=%2Fwp%2Fv2%2Fpages%2F116#wpcf7-f127-o1\" method=\"post\" class=\"wpcf7-form init\" novalidate=\"novalidate\" data-status=\"init\">\n<div style=\"display: none;\">\n<input type=\"hidden\" name=\"_wpcf7\" value=\"127\" \/>\n<input type=\"hidden\" name=\"_wpcf7_version\" value=\"5.6.4\" \/>\n<input type=\"hidden\" name=\"_wpcf7_locale\" value=\"pl_PL\" \/>\n<input type=\"hidden\" name=\"_wpcf7_unit_tag\" value=\"wpcf7-f127-o1\" \/>\n<input type=\"hidden\" name=\"_wpcf7_container_post\" value=\"0\" \/>\n<input type=\"hidden\" name=\"_wpcf7_posted_data_hash\" value=\"\" \/>\n<\/div>\n<p><label> Twoje imi\u0119<br \/>\n    <span class=\"wpcf7-form-control-wrap\" data-name=\"your-name\"><input type=\"text\" name=\"your-name\" value=\"\" size=\"40\" class=\"wpcf7-form-control wpcf7-text wpcf7-validates-as-required\" aria-required=\"true\" aria-invalid=\"false\" \/><\/span> <\/label><\/p>\n<p><label> Tw\u00f3j adres email<br \/>\n    <span class=\"wpcf7-form-control-wrap\" data-name=\"your-email\"><input type=\"email\" name=\"your-email\" value=\"\" size=\"40\" class=\"wpcf7-form-control wpcf7-text wpcf7-email wpcf7-validates-as-required wpcf7-validates-as-email\" aria-required=\"true\" aria-invalid=\"false\" \/><\/span> <\/label><\/p>\n<p><label> Tre\u015b\u0107 wiadomo\u015bci<br \/>\n    <span class=\"wpcf7-form-control-wrap\" data-name=\"your-message\"><textarea name=\"your-message\" cols=\"40\" rows=\"10\" class=\"wpcf7-form-control wpcf7-textarea wpcf7-validates-as-required\" aria-required=\"true\" aria-invalid=\"false\"><\/textarea><\/span> <\/label><\/p>\n<p><input type=\"submit\" value=\"Wy\u015blij\" class=\"wpcf7-form-control has-spinner wpcf7-submit\" \/><\/p>\n<p style=\"display: none !important;\"><label>&#916;<textarea name=\"_wpcf7_ak_hp_textarea\" cols=\"45\" rows=\"8\" maxlength=\"100\"><\/textarea><\/label><input type=\"hidden\" id=\"ak_js_1\" name=\"_wpcf7_ak_js\" value=\"70\"\/><script>document.getElementById( \"ak_js_1\" ).setAttribute( \"value\", ( new Date() ).getTime() );<\/script><\/p><div class=\"wpcf7-response-output\" aria-hidden=\"true\"><\/div><\/form><\/div>\n\n\n\n<div class=\"is-layout-flow wp-block-group\"><div class=\"wp-block-group__inner-container\">\n<div class=\"is-layout-flex wp-container-2 wp-block-columns\">\n<div class=\"is-layout-flow wp-block-column\"><\/div>\n<\/div>\n<\/div><\/div>\n\n\n\n<p><\/p>\n","protected":false},"excerpt":{"rendered":"<p>Cze\u015b\u0107, witamy Ci\u0119 serdecznie w sklepie spo\u0142eczno\u015bci Lepszy Tata &#8211; Ojcowskie Inspiracje, za\u0142o\u017conej w 2019 roku przez Tomasza Smacznego oraz Jarka Kani\u0119. Poni\u017cej znajdziesz kilka informacji o nas i naszej dzia\u0142alno\u015bci w sieci: Tomasz Smaczny Wspieram mamy i tat\u00f3w w podejmowaniu najlepszych decyzji dotycz\u0105cych wychowania swoich pociech. \u017beby\u015b jako rodzic mia\u0142 wi\u0119cej frajdy, spokoju, luzu [&hellip;]<\/p>\n","protected":false},"author":1,"featured_media":0,"parent":0,"menu_order":0,"comment_status":"closed","ping_status":"closed","template":"","meta":[],"_links":{"self":[{"href":"https:\/\/lepszytata.ojcowskastronamocy.pl\/index.php?rest_route=\/wp\/v2\/pages\/116"}],"collection":[{"href":"https:\/\/lepszytata.ojcowskastronamocy.pl\/index.php?rest_route=\/wp\/v2\/pages"}],"about":[{"href":"https:\/\/lepszytata.ojcowskastronamocy.pl\/index.php?rest_route=\/wp\/v2\/types\/page"}],"author":[{"embeddable":true,"href":"https:\/\/lepszytata.ojcowskastronamocy.pl\/index.php?rest_route=\/wp\/v2\/users\/1"}],"replies":[{"embeddable":true,"href":"https:\/\/lepszytata.ojcowskastronamocy.pl\/index.php?rest_route=%2Fwp%2Fv2%2Fcomments&post=116"}],"version-history":[{"count":14,"href":"https:\/\/lepszytata.ojcowskastronamocy.pl\/index.php?rest_route=\/wp\/v2\/pages\/116\/revisions"}],"predecessor-version":[{"id":188,"href":"https:\/\/lepszytata.ojcowskastronamocy.pl\/index.php?rest_route=\/wp\/v2\/pages\/116\/revisions\/188"}],"wp:attachment":[{"href":"https:\/\/lepszytata.ojcowskastronamocy.pl\/index.php?rest_route=%2Fwp%2Fv2%2Fmedia&parent=116"}],"curies":[{"name":"wp","href":"https:\/\/api.w.org\/{rel}","templated":true}]}}